(k) = -4*k - 6. What is the units digit of v(s)?
0
Suppose 3*q = 4*a - 5 + 40, 0 = 2*a + 10. Let t(w) = 0*w - 1 - 10*w - q*w. What is the tens digit of t(-1)?
1
Suppose -2*m + 4*g - 90 = -5*m, 2*m = -4*g + 56. What is the tens digit of m?
3
Let u(b) = -b**2 - 4*b + 4. Let m be u(-6). Let z = m - -8. Suppose z*l = -l + 14. What is the tens digit of l?
1
Suppose 0 = 8*j - 3*j + 5. What is the tens digit of 19/(j/((-4)/4))?
1
Suppose -6 = 3*g - 21. Suppose -r - g*c = -4*r - 25, -r = -4*c + 20. What is the tens digit of 10 + r + 2 - 1?
1
Let z = -1 - -3. Let v(g) = -2 - 1 - 1038*g - g**2 + 1042*g. What is the units digit of v(z)?
1
Suppose -p + 12 + 11 = 0. Suppose m - 2*m + 4*x + p = 0, -5*m - 5 = 4*x. Suppose -13 - 11 = -m*j. What is the units digit of j?
8
Suppose 0*d - 26 = -2*d. Suppose d = 2*m - 3*o + 4*o, 2*m - 22 = 2*o. Suppose -2*n + 2 = 0, -m = 2*g - 4*n - 30. What is the tens digit of g?
1
Let b be 10/(-1)*18/15. Let k(q) = -2*q + 6. Let i be k(7). What is the units digit of (b/8)/(3/i)?
4
Let r(n) = 9*n + 3. What is the tens digit of r(3)?
3
Let k(a) = 76*a**3 - 2*a**2 + a. What is the tens digit of k(1)?
7
Let o(i) = 26*i**2 + 5. What is the tens digit of o(-2)?
0
Let w be 1 + (3 + -2 - 0). Let b be 2*((-10)/(-4))/(-5). Let a = b + w. What is the units digit of a?
1
Let m(f) be the first derivative of f**3 - f**2/2 + 11. What is the tens digit of m(-3)?
3
Let i(z) = -4*z - 2. Let j be i(-2). Suppose -j*a = -5*a - 2. What is the units digit of a?
2
Let g(z) be the first derivative of 11*z**3/3 + z**2/2 - z - 10. What is the tens digit of g(-2)?
4
Suppose -1 - 5 = -2*n. Suppose n*j + 20 = 4*i - 3, 0 = 2*i + j - 9. Suppose -i*t + 13 + 42 = 0. What is the tens digit of t?
1
Suppose 2*g = -0*g. Suppose 2*s + s - 48 = g. Suppose -o - o = -s. What is the units digit of o?
8
Let u(m) = -m**3 + 16*m**2 - 20*m + 24. What is the units digit of u(14)?
6
Let m be (-2 + 2)*3/6. Let z = m - -1. What is the units digit of (z*-1)/(-2 + 1)?
1
Suppose 2 + 219 = 2*v - 3*f, -83 = -v - 4*f. What is the tens digit of v?
0
Let y = 32 + -27. What is the units digit of y?
5
Let c(o) = o + 1. Let j = -3 - -4. Suppose -j + 5 = f. What is the units digit of c(f)?
5
Let u = -14 + 24. Suppose 0 = -9*d + u*d - 23. What is the tens digit of d?
2
Let g = -58 - -78. What is the tens digit of g?
2
Let f(g) = g**3 + 5*g**2. Let u be f(-5). Let b(j) = j**2 + 6*j + 2. Let x be b(-6). Suppose -3*h = z - 9, z + x*h + u - 7 = 0. What is the units digit of z?
3
Let c = 58 + -15. What is the units digit of c?
3
What is the units digit of (4/12*-35)/(2/(-12))?
0
Let t(a) = -a**2 - 4. Let g be t(-3). Let c = g - -25. What is the units digit of c?
2
Let f = -8 - -6. Let x(g) be the first derivative of -g**4/2 - 4*g**3/3 - g**2 + g - 6. What is the units digit of x(f)?
5
Suppose 4*u = 2*u + 16. Let h be (-3)/(6/u) - -2. Let f(q) = q**3 + q**2 - 4*q - 3. What is the units digit of f(h)?
1
Let r(o) = -o**2 + 9*o - 2. Let n be r(9). Let q(x) = -3*x + 4. What is the units digit of q(n)?
0
Suppose l + 5 = 4*l + 4*j, 3*j = -l. What is the tens digit of 2/(-6) + 70/l?
2
Suppose -3*l = -b + 30, -2*b - 2*l = -4*b + 44. What is the units digit of b?
8
Let f(r) = -1 + r**2 + r + 3 - 6*r. Let m be f(4). What is the tens digit of 6/2 + (-16)/m?
1
Let h = 17 - 12. Suppose h*k = 76 + 44. What is the units digit of k?
4
What is the tens digit of 5340/75 - 2/10?
7
What is the tens digit of 25*1 + (1 - 0)?
2
Suppose -y = 16 - 60. What is the tens digit of y?
4
Let x(l) = -l**3 - 7*l**2 + 6*l + 7. Let n be x(-7). Let v = 61 + n. What is the tens digit of v?
2
Suppose 8 = z + z. Suppose x = -z*x + 30. What is the units digit of x?
6
Suppose 3*d + 40 = 2*j, -3*d = 2*d + 10. Let z = 34 - j. What is the units digit of z?
7
Let l(g) = -48*g. What is the units digit of l(-2)?
6
Suppose 0 = 2*s - 7*s - 25, 4*v - s - 113 = 0. What is the tens digit of v?
2
Let k = 3 + -1. Let b be ((k - 0) + -1)*1. What is the units digit of (-11)/(-1) - (1 + b)?
9
Suppose o = 6*o - 2*n - 282, -n + 62 = o. What is the tens digit of o?
5
Let j = 7 - -12. What is the tens digit of j?
1
Let l be (4 - 1) + 18/6. Suppose m - l = -4*i, 0*i + 3*i = 0. What is the units digit of m?
6
Suppose 4*w - 16 = -0*w, 0 = m + 4*w - 38. Suppose m = -5*y + 67. What is the units digit of y?
9
Suppose -8 = 2*c, 0*p + 4*c = 4*p - 428. What is the units digit of p?
3
Let c = 83 + -26. What is the tens digit of c?
5
Let j(z) = -2*z + 3. Let c be j(3). Let a = c + 13. Suppose a = -5*g, x + 3*g + 21 = 6*x. What is the units digit of x?
3
Let n be 4/(-14) + (-6)/(-21). Suppose 3*l = -n*l - 9. What is the units digit of 5 + l + 3 + -1?
4
Let l(s) = s**2 + 7*s - 5. Let c be l(10). Suppose -4*p - 140 = -3*j, 4*j = -0*p + p + c. What is the units digit of j?
0
Let b = -6 - 8. Let k be b/(-63) + (-22)/18. What is the units digit of k/(-3)*(-3)/(-1)?
1
Suppose 211 + 209 = 3*t. Let i be ((-1)/(-2))/(5/t). Let q = 23 - i. What is the units digit of q?
9
Let y(m) = -11*m**2 + 19*m + 12. Let d(g) = -4*g**2 + 6*g + 4. Let s(q) = 8*d(q) - 3*y(q). Let r be s(10). What is the units digit of (-2)/r*(-3 + -6)?
3
Suppose -4*o + 3*f + 413 = 0, 2*o + 3*o - f - 508 = 0. What is the units digit of o?
1
Let u = -22 - -17. Let o(f) = -7*f - 1. What is the units digit of o(u)?
4
Let o = -7 + 7. Let x = o - -2. What is the units digit of x?
2
Suppose -33 = -8*y + 5*y. Let x(a) = -a**3 + 11*a**2 + 2*a + 11. Let q be x(y). Let f = q - 22. What is the units digit of f?
1
Let j(o) be the third derivative of o**5/60 + 5*o**4/24 - o**3/2 - 2*o**2. Let y be ((-12)/3)/((-10)/(-15)). What is the units digit of j(y)?
3
Let g(d) = 2*d**2 - 4*d + 3. Let r be g(4). Let y = r + -9. What is the tens digit of y?
1
Suppose -4*s - j = 1, 1 = -3*s - 0*s - j. Suppose -4*a - 2*l + 78 = s, -3*a + 57 = l + 2*l. What is the tens digit of a?
2
Let m(l) = 2 - 1 - 2*l**3 + 3*l**3 - 3 + 3*l - 9*l**2. What is the tens digit of m(9)?
2
Suppose -7*c = -4*c - 282. What is the tens digit of c?
9
Let z(l) = l**3 - 5*l**2 + 4*l + 6. What is the tens digit of z(5)?
2
Suppose -3*z + 4*d - 65 = 0, 2*z + 5*d - 86 = 6*z. Let f = z - -28. What is the units digit of f?
9
Let r = 11 - 6. Suppose r*b = 37 + 48. What is the units digit of b?
7
Suppose -694 = -8*v - 206. What is the tens digit of v?
6
Let o(d) = -d**3 - 8*d**2 - 7*d + 3. Let g be o(-7). Suppose -16 = -4*h, -g*j - 2*h = -4*h - 64. What is the tens digit of j?
2
Let s = -86 + 162. What is the tens digit of s?
7
Let d(n) = -n**3 - 6*n**2 + 9*n - 7. What is the tens digit of d(-8)?
4
Let w(h) = -16*h + 10. What is the units digit of w(-4)?
4
Suppose -59 = -k - 5*q - 6, -3*q = 2*k - 106. What is the tens digit of k?
5
Let d(i) = 6*i**2 - i + 3 - 2 - i**3 - 2*i. What is the tens digit of d(5)?
1
Let c(g) = -g - 8. Let j be c(-11). What is the units digit of j - ((4 - 11) + 3)?
7
Suppose 0 = 3*w + w - 240. Suppose -5*x + 8 + 7 = 0. Suppose -2*y = x*y - w. What is the units digit of y?
2
Suppose 0 = -4*q + 5*y + 70, -y + 68 = 4*q - 5*y. Let r = q - -8. What is the units digit of r?
3
Let a = 7 + 157. What is the tens digit of a?
6
Let t = 324 - 97. What is the units digit of t?
7
Let m(w) = -w + 18. Let r be (1 - 1)/(2/(-2)). Suppose r = -t - 0*t. What is the units digit of m(t)?
8
Let y(o) = -3*o + 6. Let u be y(4). Let f = u + 8. What is the units digit of f?
2
Let m be (-350)/(-21) - 2/3. Let a be ((-4)/(-10))/((-3)/(-180)). Let i = a - m. What is the units digit of i?
8
Let w be (-4)/(-14) + (-312)/(-84). Suppose -p + 21 = w*r - 4, 2*r - 16 = -4*p. What is the units digit of r?
6
What is the units digit of 4/8*(15 + -1)?
7
What is the units digit of ((-21)/14)/((-2)/28)?
1
Suppose -5*f + 2*f + 63 = 0. Suppose 3*t = -6 + f. What is the units digit of t?
5
Suppose 0 = 5*s + 33 - 8. Let g = s - -8. Suppose -g*u - 5*z = -2*u - 15, 0 = -5*u + 2*z + 48. What is the units digit of u?
0
Let p be (-3)/18*-4*3. Suppose p*q + 0*q - 8 = 0. What is the units digit of q?
4
Let w(l) be the first derivative of -l**4/4 - l**3/3 + l**2/2 + 9*l + 5. Let x be 1 + 1 - (-1 - -3). What is the units digit of w(x)?
9
Let n(u) = u**2 - 9*u + 11. Let t be n(8). Let c be ((-2)/4)/(t/(-36)). Suppose c*j - 4 = 2*j. What is the units digit of j?
1
Let d be 21/(-35)*(-143 - 2). Suppose